3 - -7951. Suppose w*z = z + i. What is the tens digit of z?
7
Suppose 4*s = -905 + 249. Let l = -162 - s. What is the units digit of l?
2
Let y = 1115 + -102. Let z = -647 + y. What is the units digit of z?
6
Let r be 6/(6/2)*(-60)/(-40). What is the units digit of 246 - (-4*r/12)/(-1)?
5
Suppose 207 - 207 = 3*n. Suppose 0 = -5*r - 25, -4*r = -j - 0*r + 21. What is the units digit of n + ((-296)/j)/(-4)?
4
Suppose 3*v - 3*w - 9 = 0, -16 = v - 5*v + 2*w. Suppose -4*s - 244 = -4*p + 28, 3*p + v*s - 188 = 0. Suppose -p = -n + 15. What is the units digit of n?
1
Let m be -15 + 4 - 4/(-4). Let p be 8/m + (-3182)/10. Let w = -172 - p. What is the units digit of w?
7
Let t(i) = -i**2 + i - 749. Let s be t(0). Let n = 636 - s. What is the hundreds digit of n?
3
Let p = -3 + -4. What is the tens digit of 306/p*(-35)/5?
0
Let f be (-192)/160*1/(-2)*-15. What is the tens digit of -46*(f + ((-2)/(-1) - 5))?
5
Let m(b) = -27*b**2 - 248*b + 12. Let t be m(-9). Suppose 4*g - 107 = -a, -5*g - 2*a + 58 = -3*g. Let c = t + g. What is the tens digit of c?
8
Suppose -10*q + 5*w - 12395 = -15*q, -3*w = 9. Let y = 4120 - q. What is the thousands digit of y?
1
Let p(h) = 2*h**3 - 25*h**2 + 11*h - 181. What is the units digit of p(19)?
1
Let t be ((-18)/6)/((-3)/20). Suppose 19*v + 69 = t*v. What is the tens digit of v?
6
Suppose -3*y + 25152 = 13*f - 14*f, 3*f + 33546 = 4*y. What is the hundreds digit of y?
3
Let n = 1306 - -711. What is the tens digit of n?
1
Let p = -44 - -44. Let b = 4 - p. Suppose 328 = 2*n + 3*j, -3*j + b*j + 837 = 5*n. What is the units digit of n?
7
Suppose -5*z + 5*f - 23 = -3, -8 = -3*z - 2*f. What is the tens digit of (-4)/1 - 127/(z + -1)?
2
Let n(j) = -2*j**3 + 2*j**2 - j - 2. Let h(o) = -o**3 + 174*o**2 + 180*o**2 - 351*o**2 + 3 + 9*o. Let r be h(5). What is the units digit of n(r)?
4
Let y be 8/3 + 2/6. Let j(k) = -12*k**3 + 19*k**3 - 7*k + 2 - k**2 + 5*k**2 - 2*k + 5*k. What is the units digit of j(y)?
5
Let d = 366 - 363. Suppose -1502 = -2*t + r, 2*t - d*t - 5*r + 762 = 0. What is the hundreds digit of t?
7
What is the ten thousands digit of (-399 + 22572)/(5/4 - 2/8)?
2
Let z(w) = -16*w - 4. Let n be z(-1). Suppose 19 = -3*k + f + 1, 3*k = 3*f - n. What is the hundreds digit of 136 - k/(14/(-6))?
1
Let i be 1/(11/(-4) + 3). Suppose -i*j - 6 = -6*j. What is the units digit of 12/(-7 + j) + 51?
8
Let k be (3 + 3)/2 - -1. Suppose -38*m = -43*m. Suppose -b - 4 = -m*b, -k*a + 312 = -b. What is the units digit of a?
7
Let m = -4836 + 1370. Let v = m - -5429. What is the thousands digit of v?
1
Let a be 354 + (0 - 5) + (1 - 0). Let d = 27 + a. What is the hundreds digit of d?
3
Let f(v) be the second derivative of -v**5/20 + v**4/3 - 2*v**3 + 11*v**2/2 - 26*v. Let m be f(8). Let d = m + 502. What is the tens digit of d?
6
Let m = -13 - 0. Let b = -11 - m. Suppose 4*x = -3*r + 97, b*x + 9 + 10 = r. What is the tens digit of r?
2
Let k be (-1 - -2) + (0 + 6)/2. Let b(y) = 31 + 16*y + 7*y - 38. What is the tens digit of b(k)?
8
What is the tens digit of (-6)/27 + (-503826)/(-27)?
6
Suppose 0 = -2*n - 5*a + 25401, -4*n = -8*n - a + 50739. What is the units digit of n?
3
Let r(k) = -2064*k - 14. What is the thousands digit of r(-14)?
8
Let v = 9258 - 4758. Suppose 142*l - 139*l - v = 0. What is the tens digit of l?
0
Suppose 4*w - 117 = 17*w. Let d be (-8)/36 - 20/w - -2. Suppose 153 = 5*v - d*v. What is the units digit of v?
3
Let f be (-38 + -2)/(-8 - -7). Let s be (48/f)/((-6)/(-15)). What is the tens digit of (s + (-8)/2)*-49?
4
Suppose -d - 52*k + 45059 = -57*k, 0 = 2*d - 5*k - 90143. What is the hundreds digit of d?
0
Let s be ((-11)/((-55)/72))/(2/35). Let u = s - 165. Suppose 3*z = u + 39. What is the units digit of z?
2
Let v(m) = m**3 + 9*m**2 + m - 2. Let p be v(-9). What is the tens digit of (-18903)/(-33) - 2/p?
7
Let c = -868 + 731. Let b = -12 - c. What is the units digit of b?
5
Let j = 88 + 33. Suppose 3*i - 2*x = -x + j, 3*i = -3*x + 117. What is the tens digit of i?
4
Let s(w) be the first derivative of 6*w**4 + 3*w**3 - 17*w**2/2 + 17*w + 91. What is the units digit of s(4)?
9
Let i(q) = -34031*q - 864. What is the units digit of i(-1)?
7
Let q be (-3)/4 - (-10386)/24. Suppose -5*d = -4*s - 581, d + 3*d + 5*s = q. What is the units digit of d?
3
Suppose -10 = -q - 16. Let t be 4/10 - (0 - q/15). Suppose i + 3*a = 73, 6*i - 3*i + a - 243 = t. What is the tens digit of i?
8
Suppose 0 = 3*q + 4*a - 36329, 11*a - 16*a + 10 = 0. What is the tens digit of q?
0
Let d(p) = 22*p - 404. Let v be d(31). Suppose 0 = -2*b + 5*b. Suppose 5*r + x - v = b, 266 = 5*r - 4*x + x. What is the tens digit of r?
5
Let w be (0 - -10) + 72/(-12). Suppose 5*d - 2927 = 2*c, -8*d + w*c = -5*d - 1745. What is the units digit of d?
7
Suppose -3*c - 4*s + 103 = 0, 5*c + 2*s + 2*s - 161 = 0. Suppose -4*f - 3*v = -55, -2*v + 28 = -f + 3*f. Suppose -j = -c + f. What is the tens digit of j?
1
What is the thousands digit of (-62)/(-3)*(831 - 510)?
6
Let i be (-1)/(8/(-81204))*(-16)/(-24). Suppose 0 = -12*r + i + 6205. What is the tens digit of r?
8
Suppose -126 = 4*d - h, 5*h + 10 = -0. Let p = d + 28. Let n(z) = -2*z + 3. What is the units digit of n(p)?
1
What is the units digit of (46 - 45) + (3989 - (-4 - -4))?
0
Let z be 56 - ((3 - 8) + 4). Suppose -z = -8*l + 111. Let w = -13 + l. What is the units digit of w?
8
Let g(u) = 305*u**3 + 6*u**2 + 16*u - 146. What is the units digit of g(6)?
6
Let c be 51*(-33)/(-4) + (-6)/8. Suppose 2*s = 2*j - c, 5*j + 0*s - 1080 = -s. What is the hundreds digit of j?
2
Let y be 3 + 32*1 + 0/4. Let n = y - -12. What is the units digit of n?
7
Let i(u) = 941*u**3 - 3*u**2 - 2*u. Let x be i(-1). Let f = x - -1340. What is the hundreds digit of f?
3
Let x(s) = -s**3 - 2*s**2 + 7*s - 4. Let u be x(-4). Let y be ((-1)/(-2))/(1/(-2) - u). What is the tens digit of (-2 + -439)/(-3) + y?
4
Suppose -2*b - b - 396 = -3*m, 0 = -3*b - m - 376. Let q = 287 + b. Let k = q + -73. What is the units digit of k?
7
Let u be 8/6 + 4576/33. Suppose -u = -2*v + v. What is the units digit of (266/v + 2/(-5))*34?
1
Suppose r - 54 = 252. Suppose -5*l - 93 = -h + 69, -l = -2*h + r. What is the tens digit of h?
5
What is the thousands digit of 90/240 + 55597/8 + -2?
6
Let j(w) = -w - 10*w - w + 8. Let n be j(-23). Suppose -176 = -2*p + n. What is the hundreds digit of p?
2
Let n(k) = -2*k**2 - 9*k. Let u be n(-4). Suppose 3*f = -f + u*p - 40, -p - 20 = 5*f. What is the tens digit of (f + 4 + 11)*6?
6
Suppose 0 = 6*m - 5*m - 8. What is the hundreds digit of (-2824)/(-14) + (-9)/((-252)/m)?
2
What is the hundreds digit of 9944/(4 + 7) - (-10)/(-6)*3?
8
Let a be 96/(-45) - 10/(-75). Let s(p) = -86*p - 10. Let c be s(a). Suppose 2*y = -5*v + 7*v + 112, 0 = -3*y + v + c. What is the tens digit of y?
5
Suppose 6 = x + g, -4*x - 7 = 5*g - 33. Suppose -5*r + 1066 = -16*p + 15*p, -x*r + 2*p + 854 = 0. What is the tens digit of r?
1
Let z be 1*(1 + -16)*-84. Suppose 2*r + 3*n = 23, 4*r - 14 = -2*n + 12. Suppose -r*w + z = 3*w. What is the tens digit of w?
8
Let f be (-2)/1*(-24)/3. Suppose -f*j - 240 = -21*j. What is the tens digit of j?
4
Suppose -10*f + 1170575 - 174855 = 52*f. What is the units digit of f?
0
Let j = 841 - 779. Suppose -106764 = -j*p - 5890. What is the units digit of p?
7
Suppose 4 = -z + 2*n, 3*n = -0*z + 4*z + 31. Let b = z + 291. What is the units digit of b?
1
Suppose 25*t = 21*t + 3*d + 5100, -4*t = -d - 5116. What is the tens digit of t?
8
What is the thousands digit of (2*(203/(-28) + 7))/((-1)/57932)?
8
Let k = 18 - 5. Suppose k*l - 10224 = -11*l. What is the hundreds digit of l?
4
Let w(z) be the second derivative of -226*z**3/3 - 4*z**2 + 5*z - 6. What is the tens digit of w(-1)?
4
Suppose 5*h + 5*s - 15 = 0, h = 2*s - 0*s + 9. Suppose -h*u + 2704 = -761. What is the units digit of u?
3
Let z = 1594 + -89. Suppose 4*g - z = 191. What is the hundreds digit of g?
4
Let d = 180 + 52. Let x = d - 137. Let t = -68 + x. What is the units digit of t?
7
Let g(w) = -35021*w - 435. What is the hundreds digit of g(-1)?
5
Let f = 4642 + 7229. What is the ten thousands digit of f?
1
Let x(y) be the third derivative of 115*y**4/24 + y**3/3 - 2*y**2 - 32*y. What is the units digit of x(10)?
2
Let w = -158 + 163. Suppose 3*q - 2*m = 3706, 